39 composite?
True
Is 7303 composite?
True
Is 346639 composite?
False
Is 202997 prime?
False
Is 5165 a composite number?
True
Is 79967 prime?
True
Is 79087 a composite number?
False
Is 9271 a composite number?
True
Is 84259 a composite number?
True
Is 289729 a prime number?
False
Is 46969 composite?
True
Is 1646839 prime?
True
Is 636187 composite?
True
Is 18701 prime?
True
Is 23267 a composite number?
True
Is 597121 composite?
True
Is 409 composite?
False
Is 7123 prime?
False
Is 9527 a prime number?
False
Is 45707 a composite number?
False
Is 100769 a composite number?
False
Is 123223 a prime number?
False
Is 292133 composite?
False
Is 229123 composite?
False
Is 87883 a prime number?
False
Is 630067 composite?
False
Is 6241 a composite number?
True
Is 132361 prime?
True
Is 170219 a prime number?
False
Is 62051 prime?
False
Is 443939 composite?
False
Is 13751 prime?
True
Is 528509 a composite number?
False
Is 633887 prime?
False
Is 196373 a prime number?
False
Is 133963 a composite number?
False
Is 100907 prime?
True
Is 16837 prime?
False
Is 344941 prime?
True
Is 4577 a composite number?
True
Is 2363639 composite?
False
Is 52519 a prime number?
False
Is 166765 a composite number?
True
Is 436061 prime?
True
Is 427213 a composite number?
False
Is 25483 composite?
True
Is 8351 a prime number?
False
Is 17257 prime?
True
Is 893 a prime number?
False
Is 154943 composite?
False
Is 8301 a composite number?
True
Is 4739 a composite number?
True
Is 362989 composite?
True
Is 74939 a composite number?
True
Is 46457 composite?
False
Is 9107 a prime number?
False
Is 352739 a composite number?
False
Is 787 a composite number?
False
Is 94 prime?
False
Is 223237 a composite number?
True
Is 790147 prime?
False
Is 514 composite?
True
Is 2063 a prime number?
True
Is 28437 prime?
False
Is 12889 prime?
True
Is 2964701 a composite number?
True
Is 25859 composite?
True
Is 7558 composite?
True
Is 37243 composite?
False
Is 20819 a prime number?
False
Is 260527 a prime number?
True
Is 13463 prime?
True
Is 850567 a composite number?
False
Is 57185 composite?
True
Is 1077 a composite number?
True
Is 243701 prime?
True
Is 140011 a prime number?
False
Is 150767 prime?
True
Is 41677 composite?
True
Is 1881051 a prime number?
False
Is 279571 composite?
False
Is 1369 prime?
False
Is 44962 prime?
False
Is 106261 composite?
False
Is 5269 a prime number?
False
Is 3037 a composite number?
False
Is 631 a prime number?
True
Is 1040923 composite?
True
Is 3989 prime?
True
Is 158269 prime?
True
Is 96907 a composite number?
False
Is 8351 a composite number?
True
Is 2237 prime?
True
Is 21817 a prime number?
True
Is 286859 a composite number?
False
Is 143197 composite?
False
Is 174703 prime?
True
Is 88833 prime?
False
Is 69427 a composite number?
False
Is 3817 prime?
False
Is 3041111 a composite number?
False
Is 14867 a prime number?
True
Is 669083 a prime number?
False
Is 1359947 prime?
True
Is 49559 a prime number?
True
Is 82843 a prime number?
False
Is 535061 a prime number?
True
Is 242057 prime?
True
Is 52879 prime?
True
Is 53299 prime?
True
Is 2559 a prime number?
False
Is 281003 prime?
False
Is 2285279 a prime number?
True
Is 109789 a prime number?
True
Is 1657 prime?
True
Is 625969 a composite number?
False
Is 424961 a composite number?
False
Is 26231 a prime number?
False
Is 40571 a composite number?
True
Is 9151 composite?
False
Is 56299 a prime number?
True
Is 59063 a composite number?
False
Is 6121 prime?
True
Is 8551 a composite number?
True
Is 17426 a composite number?
True
Is 1101851 prime?
True
Is 133481 a composite number?
False
Is 94 a prime number?
False
Is 397999 a composite number?
True
Is 4709 a prime number?
False
Is 190573 composite?
False
Is 5581 prime?
True
Is 1319 prime?
True
Is 57029 composite?
True
Is 992261 a prime number?
False
Is 175103 a composite number?
False
Is 8101 prime?
True
Is 1599853 a composite number?
True
Is 215013 prime?
False
Is 8779 a prime number?
True
Is 123157 a composite number?
True
Is 15131 a prime number?
True
Is 146051 prime?
True
Is 749 prime?
False
Is 1693 a composite number?
False
Is 39499 a composite number?
False
Is 307603 prime?
False
Is 46393 a composite number?
True
Is 382 a prime number?
False
Is 443 composite?
False
Is 274 a composite number?
True
Is 72913 prime?
False
Is 1973 a composite number?
False
Is 7493 a composite number?
True
Is 165031 composite?
True
Is 120121 a prime number?
True
Is 39643 prime?
False
Is 22817 composite?
False
Is 132695 composite?
True
Is 55529 a composite number?
False
Is 21769 composite?
True
Is 7067 a composite number?
True
Is 149603 prime?
True
Is 58117 composite?
True
Is 3421 composite?
True
Is 65167 composite?
False
Is 2567 composite?
True
Is 2039 a composite number?
False
Is 14951 composite?
False
Is 50473 prime?
False
Is 61133 a prime number?
False
Is 64409 a prime number?
False
Is 1171301 composite?
False
Is 4861 composite?
False
Is 2081 a prime number?
True
Is 10102 prime?
False
Is 293 a composite number?
False
Is 254 a composite number?
True
Is 188047 a prime number?
False
Is 1801 a prime number?
True
Is 342143 a composite number?
False
Is 1400027 composite?
True
Is 20323 a composite number?
False
Is 9149 composite?
True
Is 21857 prime?
False
Is 137909 a composite number?
False
Is 48651 a composite number?
True
Is 20621 a prime number?
False
Is 4261177 composite?
False
Is 10289 a composite number?
False
Is 3914605 a composite number?
True
Is 760951 a prime number?
True
Is 270899 composite?
False
Is 623041 prime?
True
Is 10597 a composite number?
False
Is 13709 prime?
True
Is 185161 prime?
True
Is 57403 a prime number?
False
Is 5471 a prime number?
True
Is 15091 composite?
False
Is 10511 a prime number?
False
Is 322397 prime?
True
Is 266529 prime?
False
Is 319639 composite?
False
Is 80741 composite?
True
Is 58309 composite?
False
Is 551449 a prime number?
False
Is 675251 composite?
False
Is 451039 a composite number?
False
Is 18511 a prime number?
False
Is 145081 a composite number?
True
Is 204881 a prime number?
False
Is 166703 prime?
True
Is 169705 a composite number?
True
Is 405205 prime?
False
Is 517189 a prime number?
True
Is 110681 composite?
False
Is 201919 prime?
True
Is 16495 composite?
True
Is 399877 prime?
False
Is 119309 composite?
True
Is 138679 a prime number?
True
Is 1958413 a composite number?
False
Is 14483 prime?
False
Is 1054549 prime?
True
Is 68473 prime?
True
Is 81511 a composite number?
True
Is 17317 a prime number?
True
Is 3493 composite?
True
Is 20303 composite?
True
Is 166541 a prime number?
True
Is 12473 composite?
False
Is 52009 a composite number?
False
Is 956821 a composite number?
True
Is 330887 a prime number?
True
Is 63931 a composite number?
True
Is 14997 a prime number?
False
Is 13309 prime?
True
Is 137759 a composite number?
True
Is 39659 a prime number?
True
Is 98167 a prime number?
False
Is 26447 composite?
True
Is 535985 a prime number?
False
Is 62593 a composite number?
True
Is 134413 prime?
False
Is 1046069 a composite number?
False
Is 19597 composite?
False
Is 13173 composite?
True
Is 40505 a composite number?
True
Is 19291 a composite number?
True
Is 48109 a prime number?
True
Is 37903 a prime number?
False
Is 5261 a prime number?
True
Is 1171393 a prime number?
True
Is 11291 a prime number?
False
Is 499697 a prime number?
False
Is 6029 a prime number?
True
Is 206027 a prime number?
True
Is 42061 a prime number?
True
Is 3524147 composite?
True
Is 73897 a composite number?
False
Is 253511 composite?
True
Is 437219 a prime number?
True
Is 165147 prime?
False
Is 403241 a composite number?
False
Is 104267 a prime number?
False
Is 23663 prime?
True
Is 4237 prime?
False
Is 1553633 a composite number?
True
Is 38039 a composite number?
False
Is 1080457 composite?
True
Is 197641 a composite number?
False
Is 6452879 prime?
True
Is 39365 a prime number?
False
Is 249 a composite number?
True
Is 407 composite?
True
Is 4391 a prime number?
True
Is 41551 a composite number?
True
Is 14591 a prime number?
True
Is 73417 prime?
True
Is 182463 prime?
False
Is 110713 composite?
True
Is 21757 prime?
True
Is 93683 a prime number?
True
Is 1531 prime?
True
Is 2041 a composite number?
True
Is 16273 a prime number?
True
Is 43223 prime?
True
Is 18671 a composite number?
